{"id":8758,"date":"2020-05-12T13:45:22","date_gmt":"2020-05-12T13:45:22","guid":{"rendered":"http:\/\/freie-kanu-sportler.de\/?page_id=8758"},"modified":"2026-03-26T14:56:51","modified_gmt":"2026-03-26T14:56:51","slug":"tourenplanung","status":"publish","type":"page","link":"https:\/\/freie-kanu-sportler.de\/?page_id=8758","title":{"rendered":"Tourenplanung"},"content":{"rendered":"\n<p>In unserer n\u00e4heren Umgebung gibt es einige M\u00f6glichkeiten kombinierte Fluss- und Landtouren durchzuf\u00fchren. Als Planungshilfe werden wir im Laufe der Zeit hier einige vorstellen:<\/p>\n\n\n\n<p><strong><em><a href=\"https:\/\/freie-kanu-sportler.de\/?cat=13\">Diemel<\/a><\/em><\/strong><br><strong><a href=\"https:\/\/freie-kanu-sportler.de\/?cat=12\"><em>Eder<\/em><\/a><\/strong><br><strong><em><a href=\"https:\/\/freie-kanu-sportler.de\/?cat=14\">Fulda<\/a><\/em><\/strong><br><strong><em><a href=\"https:\/\/freie-kanu-sportler.de\/?cat=17\">Nethe<\/a><\/em><\/strong><br><em><strong><a href=\"https:\/\/freie-kanu-sportler.de\/?cat=15\">Orke<\/a><\/strong><\/em><br><strong><a href=\"https:\/\/freie-kanu-sportler.de\/?cat=18\"><em>Schwalm<\/em><\/a><\/strong><br><strong><em><a href=\"https:\/\/freie-kanu-sportler.de\/?cat=16\">Werra<\/a><\/em><\/strong><br><strong><em><a href=\"https:\/\/freie-kanu-sportler.de\/?cat=20\">Weser<\/a><\/em><\/strong><\/p>\n","protected":false},"excerpt":{"rendered":"<p>In unserer n\u00e4heren Umgebung gibt es einige M\u00f6glichkeiten kombinierte Fluss- und Landtouren durchzuf\u00fchren. Als Planungshilfe werden wir im Laufe der Zeit hier einige vorstellen: DiemelEderFuldaNetheOrkeSchwalmWerraWeser<\/p>\n","protected":false},"author":4,"featured_media":0,"parent":0,"menu_order":0,"comment_status":"closed","ping_status":"closed","template":"","meta":{"ngg_post_thumbnail":0,"footnotes":""},"class_list":["post-8758","page","type-page","status-publish","hentry"],"_links":{"self":[{"href":"https:\/\/freie-kanu-sportler.de\/index.php?rest_route=\/wp\/v2\/pages\/8758","targetHints":{"allow":["GET"]}}],"collection":[{"href":"https:\/\/freie-kanu-sportler.de\/index.php?rest_route=\/wp\/v2\/pages"}],"about":[{"href":"https:\/\/freie-kanu-sportler.de\/index.php?rest_route=\/wp\/v2\/types\/page"}],"author":[{"embeddable":true,"href":"https:\/\/freie-kanu-sportler.de\/index.php?rest_route=\/wp\/v2\/users\/4"}],"replies":[{"embeddable":true,"href":"https:\/\/freie-kanu-sportler.de\/index.php?rest_route=%2Fwp%2Fv2%2Fcomments&post=8758"}],"version-history":[{"count":10,"href":"https:\/\/freie-kanu-sportler.de\/index.php?rest_route=\/wp\/v2\/pages\/8758\/revisions"}],"predecessor-version":[{"id":9427,"href":"https:\/\/freie-kanu-sportler.de\/index.php?rest_route=\/wp\/v2\/pages\/8758\/revisions\/9427"}],"wp:attachment":[{"href":"https:\/\/freie-kanu-sportler.de\/index.php?rest_route=%2Fwp%2Fv2%2Fmedia&parent=8758"}],"curies":[{"name":"wp","href":"https:\/\/api.w.org\/{rel}","templated":true}]}}